 of 9280?
2, 5, 29
What are the prime factors of 30942?
2, 3, 191
List the prime factors of 26348.
2, 7, 941
List the prime factors of 116.
2, 29
What are the prime factors of 2534?
2, 7, 181
What are the prime factors of 13426?
2, 7, 137
What are the prime factors of 40872?
2, 3, 13, 131
List the prime factors of 2227.
17, 131
What are the prime factors of 4495?
5, 29, 31
What are the prime factors of 182?
2, 7, 13
What are the prime factors of 1088?
2, 17
List the prime factors of 1902.
2, 3, 317
List the prime factors of 39180.
2, 3, 5, 653
List the prime factors of 681.
3, 227
List the prime factors of 515.
5, 103
What are the prime factors of 13861?
83, 167
List the prime factors of 5921.
31, 191
List the prime factors of 2098.
2, 1049
List the prime factors of 2367.
3, 263
What are the prime factors of 2086?
2, 7, 149
What are the prime factors of 42200?
2, 5, 211
What are the prime factors of 5017?
29, 173
List the prime factors of 55111.
7, 7873
List the prime factors of 614.
2, 307
What are the prime factors of 35999?
35999
List the prime factors of 30481.
11, 17, 163
List the prime factors of 2259.
3, 251
List the prime factors of 34665.
3, 5, 2311
List the prime factors of 21832.
2, 2729
List the prime factors of 2275.
5, 7, 13
What are the prime factors of 15272?
2, 23, 83
What are the prime factors of 2414?
2, 17, 71
List the prime factors of 23897.
23, 1039
What are the prime factors of 4228?
2, 7, 151
List the prime factors of 511.
7, 73
What are the prime factors of 14796?
2, 3, 137
What are the prime factors of 1139?
17, 67
List the prime factors of 10187.
61, 167
What are the prime factors of 2216?
2, 277
What are the prime factors of 12077?
13, 929
List the prime factors of 93555.
3, 5, 7, 11
List the prime factors of 1392.
2, 3, 29
List the prime factors of 4240.
2, 5, 53
List the prime factors of 456.
2, 3, 19
List the prime factors of 1849.
43
List the prime factors of 3763.
53, 71
List the prime factors of 28663.
28663
What are the prime factors of 2053?
2053
What are the prime factors of 18157?
67, 271
List the prime factors of 9978.
2, 3, 1663
What are the prime factors of 771?
3, 257
List the prime factors of 57630.
2, 3, 5, 17, 113
List the prime factors of 18408.
2, 3, 13, 59
List the prime factors of 4698.
2, 3, 29
List the prime factors of 3282.
2, 3, 547
List the prime factors of 94872.
2, 3, 59, 67
List the prime factors of 3949.
11, 359
List the prime factors of 907.
907
What are the prime factors of 44280?
2, 3, 5, 41
What are the prime factors of 35412?
2, 3, 13, 227
What are the prime factors of 35858?
2, 17929
List the prime factors of 779.
19, 41
List the prime factors of 1746.
2, 3, 97
What are the prime factors of 1104?
2, 3, 23
What are the prime factors of 46500?
2, 3, 5, 31
List the prime factors of 10181.
10181
What are the prime factors of 900?
2, 3, 5
What are the prime factors of 2439?
3, 271
What are the prime factors of 5001?
3, 1667
List the prime factors of 20435.
5, 61, 67
List the prime factors of 2437.
2437
What are the prime factors of 8309?
7, 1187
What are the prime factors of 4032?
2, 3, 7
List the prime factors of 5869.
5869
What are the prime factors of 282?
2, 3, 47
What are the prime factors of 803?
11, 73
List the prime factors of 3523.
13, 271
List the prime factors of 5208.
2, 3, 7, 31
What are the prime factors of 8811?
3, 11, 89
List the prime factors of 7398.
2, 3, 137
What are the prime factors of 274?
2, 137
List the prime factors of 836.
2, 11, 19
List the prime factors of 613.
613
What are the prime factors of 1608?
2, 3, 67
List the prime factors of 37014.
2, 3, 31, 199
List the prime factors of 11174.
2, 37, 151
List the prime factors of 1232.
2, 7, 11
List the prime factors of 24712.
2, 3089
What are the prime factors of 1418?
2, 709
List the prime factors of 762.
2, 3, 127
What are the prime factors of 900?
2, 3, 5
What are the prime factors of 9268?
2, 7, 331
List the prime factors of 5228.
2, 1307
What are the prime factors of 2464?
2, 7, 11
List the prime factors of 1149.
3, 383
List the prime factors of 15279.
3, 11, 463
List the prime factors of 61938.
2, 3, 31, 37
List the prime factors of 8089.
8089
List the prime factors of 1889.
1889
List the prime factors of 14703.
3, 13, 29
What are the prime factors of 2024?
2, 11, 23
What are the prime factors of 13928?
2, 1741
List the prime factors of 2236.
2, 13, 43
List the prime factors of 172300.
2, 5, 1723
List the prime factors of 23377.
97, 241
List the prime factors of 40377.
3, 43, 313
What are the prime factors of 8619?
3, 13, 17
What are the prime factors of 97475?
5, 7, 557
What are the prime factors of 3481?
59
List the prime factors of 2773.
47, 59
What are the prime factors of 47?
47
What are the prime factors of 2319?
3, 773
List the prime factors of 406.
2, 7, 29
List the prime factors of 2245.
5, 449
List the prime factors of 116554.
2, 101, 577
What are the prime factors of 566?
2, 283
List the prime factors of 649.
11, 59
What are the prime factors of 9793?
7, 1399
List the prime factors of 20521.
20521
What are the prime factors of 549?
3, 61
What are the prime factors of 25992?
2, 3, 19
List the prime factors of 40960.
2, 5
List the prime factors of 3698.
2, 43
What are the prime factors of 109190?
2, 5, 61, 179
What are the prime factors of 70763?
7, 11, 919
List the prime factors of 2814.
2, 3, 7, 67
What are the prime factors of 1205?
5, 241
List the prime factors of 20704.
2, 647
List the prime factors of 38860.
2, 5, 29, 67
What are the prime factors of 1241?
17, 73
What are the prime factors of 1274?
2, 7, 13
List the prime factors of 205.
5, 41
What are the prime factors of 63590?
2, 5, 6359
What are the prime factors of 148?
2, 37
List the prime factors of 23990.
2, 5, 2399
List the prime factors of 22834.
2, 7, 233
What are the prime factors of 1752?
2, 3, 73
What are the prime factors of 2497?
11, 227
What are the prime factors of 27892?
2, 19, 367
List the prime factors of 41.
41
What are the prime factors of 188?
2, 47
What are the prime factors of 1700?
2, 5, 17
List the prime factors of 4070.
2, 5, 11, 37
List the prime factors of 5326.
2, 2663
What are the prime factors of 1701?
3, 7
What are the prime factors of 2248?
2, 281
List the prime factors of 4815.
3, 5, 107
What are the prime factors of 993?
3, 331
List the prime factors of 3586.
2, 11, 163
List the prime factors of 892.
2, 223
What are the prime factors of 7295?
5, 1459
What are the prime factors of 2112?
2, 3, 11
List the prime factors of 3865.
5, 773
What are the prime factors of 8143?
17, 479
List the prime factors of 16343.
59, 277
List the prime factors of 5268.
2, 3, 439
What are the prime factors of 39278?
2, 41, 479
What are the prime factors of 73739?
19, 3881
What are the prime factors of 144665?
5, 28933
What are the prime factors of 2670?
2, 3, 5, 89
List the prime factors of 9179.
67, 137
What are the prime factors of 129?
3, 43
What are the prime factors of 20794?
2, 37, 281
List the prime factors of 10356.
2, 3, 863
What are the prime factors of 7258?
2, 19, 191
List the prime factors of 11732.
2, 7, 419
List the prime factors of 963.
3, 107
What are the prime factors of 2462?
2, 1231
What are the prime factors of 3057?
3, 1019
What are the prime factors of 3393?
3, 13, 29
List the prime factors of 86321.
37, 2333
List the prime factors of 1339.
13, 103
List the prime factors of 10125.
3, 5
What are the prime factors of 2354?
2, 11, 107
What are the prime factors of 8755?
5, 17, 103
What are the prime factors of 4169?
11, 379
List the prime factors of 6977.
6977
What are the prime factors of 28770?
2, 3, 5, 7, 137
What are the prime factors of 18018?
2, 3, 7, 11, 13
List the prime factors of 2480.
2, 5, 31
What are the prime factors of 3054?
2, 3, 509
What are the prime factors of 99784?
2, 12473
What are the prime factors of 641?
641
List the prime factors of 8159.
41, 199
List the prime factors of 16088.
2, 2011
List the prime factors of 19415.
5, 11, 353
What are the prime factors of 2144?
2, 67
What are the prime factors of 7024?
2, 439
What are the prime factors of 1098?
2, 3, 61
List the prime factors of 74068.
2, 18517
What are the prime factors of 2475?
3, 5, 11
What are the prime factors of 6752